- v*k + 7 = 2*z, 8 = z + 2*k. What is the units digit of z?
2
Suppose -3*u - 21 - 9 = 0. What is the units digit of 1/(((-3)/u)/3)?
0
Suppose -3*d = -21 + 6. Suppose p + d*l = l + 19, -24 = -p + l. What is the units digit of p?
3
What is the tens digit of (2 - 91/28)/(2/(-112))?
7
Suppose 3*d + 2 = b, -d + 3 = b - 3. What is the units digit of d?
1
Suppose -2*k = -2 + 12, 2*k + 2 = -v. What is the units digit of 1 - (2 - 3)*v?
9
What is the units digit of 4/((-16)/12)*-13?
9
Let p(w) = -2*w - 4. Let l be p(-3). Suppose 23 = 2*j + 9. Suppose -9 - j = -l*k. What is the units digit of k?
8
Let q = -34 + 40. What is the units digit of q?
6
Let t = -3 + 27. Let y(k) = -30*k - k**3 + 10*k**2 + t*k + 0*k**2 - 13. What is the tens digit of y(9)?
1
Let i(y) = 2*y + 5. Let f be i(-7). Let b = -7 - f. Suppose 0 = 4*x - 5*s - 89, -3*s - 40 = -b*x + 7. What is the units digit of x?
6
Let r = -4 + -4. What is the tens digit of (-6)/r + (-1014)/(-24)?
4
Let o(p) = -p + 1. Let h be o(0). Let d(w) be the first derivative of 3*w**2 - 7. What is the units digit of d(h)?
6
What is the units digit of 0 - ((-3 - 0) + -29)?
2
Let d = 6 - 10. Let s be d/(-10) - 8/(-5). Suppose 0*f + x = s*f - 19, 0 = -2*f - x + 17. What is the units digit of f?
9
Suppose 0*c = -4*c - 28. Let b = 12 + c. Let z = -1 + b. What is the units digit of z?
4
Let j(h) = h - 12. Let z be j(9). What is the tens digit of 1/(z/(-42)) + -1?
1
Let q(u) = -43*u**3 - 3*u**2 - 5*u. What is the tens digit of q(-2)?
4
Suppose -6*o + 2*o = 72. Let d = o - -28. What is the units digit of d?
0
Let x(g) = -g**2 - 1. Let c(z) = -4*z**2 + 7. Let k(n) = c(n) - 5*x(n). What is the tens digit of k(0)?
1
Let y(q) = -q**3 - 17*q**2 + 4*q + 18. What is the hundreds digit of y(-18)?
2
Suppose n - l - 36 = -12, l = 3*n - 64. What is the tens digit of n*((-9)/6)/(-3)?
1
What is the units digit of 14/(4 + -3)*2?
8
Let g be -1*(-2 + 1) - -16. Let o = -12 + g. What is the units digit of o?
5
Let m(k) = 5*k - 3. Let c be m(7). Let l = -15 + c. What is the tens digit of l?
1
Let z(u) = u**2 - 2*u + 4. Suppose 2*f + 3 = f. Let n be z(f). Suppose -4*c = i + 16, c + n - 2 = 3*i. What is the units digit of i?
4
Suppose -141 = -5*w - 36. Let v = 37 - w. What is the tens digit of v?
1
What is the hundreds digit of -198*1*-1 + -4?
1
Let l(f) = -6*f + 46. What is the units digit of l(-17)?
8
Let q = -270 + 645. What is the hundreds digit of q?
3
Let h(p) = p**2 + 6*p - 3. Let n(o) = -2*o**2 - 12*o + 6. Let k(x) = 13*h(x) + 6*n(x). What is the units digit of k(-7)?
4
Suppose 9*l = 4*l + 15. Suppose 5*j + 3*o - 164 = 7, 102 = l*j + 2*o. What is the units digit of j?
6
Let j(c) = c + 111. What is the units digit of j(0)?
1
Suppose -t + 400 = 2*z, 0 = 5*t + z - 0*z - 1964. What is the tens digit of t?
9
Suppose -c + 4*c + 5*a - 125 = 0, 0 = c + 4*a - 30. What is the tens digit of c?
5
Suppose -m - 3*m + 4*q + 56 = 0, 0 = -5*m + 3*q + 62. Suppose -m = -4*i + f + 2*f, 16 = 2*i + 4*f. Suppose -v + 30 = i*v. What is the units digit of v?
6
Suppose -3*a + 508 = -62. What is the hundreds digit of a?
1
Suppose 2*v - 7*v + w + 37 = 0, -2*w = -3*v + 25. Let g(c) = c**2 + 6*c + 4. Let i be g(-3). Let u = v + i. What is the units digit of u?
2
Let h(r) = -r**3 + 2*r**2 + 3*r - 3. Let v be h(2). Suppose v = 5*q - 2. What is the units digit of q?
1
Suppose -9*m + 795 + 1005 = 0. What is the tens digit of m?
0
Let w(g) = 15*g**2 - 2*g - 3. What is the units digit of w(-2)?
1
Let w = -3 - 11. Let u = 23 + w. What is the units digit of u?
9
Let i(q) = -q**3 - 11*q**2 + 12*q + 3. Let m be i(-12). What is the units digit of (-11 - -23) + 1*m?
5
Let t(a) = a**3 - 6*a**2 + 4*a + 3. Let g be t(6). Suppose g = 3*r + 9. Suppose -r*x = -x - 50. What is the tens digit of x?
1
Let b(h) = 22*h - 5*h - 7 - 8 + 12. What is the units digit of b(2)?
1
Suppose y + 3*q + 9 = -8, -5*y - 5 = -q. What is the tens digit of ((-244)/(-8))/(y/(-4))?
6
Let r = 48 - 32. Suppose -2*z = r - 42. What is the tens digit of z?
1
Let g = -1 - -5. What is the tens digit of (-6)/4*(-72)/g?
2
Suppose -966 = -0*r - 7*r. What is the hundreds digit of r?
1
Suppose -4 + 10 = 3*q. Suppose 0 = q*i - 4 - 14. What is the units digit of i?
9
Suppose 0*p - 12 = -4*p. Suppose -3*v - 12 = -p*t, -2*t - 3*v - v - 4 = 0. What is the units digit of t?
2
Let d = 5 - 5. Suppose d = -4*j - c + 14, 7 = 4*j - 3*c + 1. What is the units digit of j?
3
Suppose -3*b + 5*b - 2*u = 26, -4*b + 51 = -5*u. Suppose -3*s + 0*s + 2*f + b = 0, 2*s = 5*f + 13. What is the units digit of s?
4
Let p(h) = h**3 - 3*h - 3. Let r be p(-2). What is the units digit of (-8)/r - 6/10?
1
Let r(a) = -5*a + 5. Let l be r(6). Suppose -6*v = -3*v - 132. Let w = l + v. What is the units digit of w?
9
Let a be (2/3)/(4/(-18)). What is the units digit of -8 + 17 + (a - 0)?
6
What is the tens digit of -72*((-4)/(-8) + -1)?
3
Suppose -3*c - 2 = -4*c. Suppose c*t - 3*z - 7 = 13, 0 = 4*t - 2*z - 56. What is the tens digit of t?
1
What is the units digit of ((-6)/(-9))/(4/78)?
3
Let n = 2 - -37. What is the units digit of n?
9
Suppose 7*u - 2*u - 55 = 0. Suppose -4*m - 27 = -u. What is the units digit of 4/(m/(-7)) + 0?
7
Suppose 12 = -8*p + 5*p. Suppose -2*y + 2 = 4, -r - 3 = 4*y. Let h = r - p. What is the units digit of h?
5
Let q = 9 + -8. Let i be 10 + q/(1/3). Let h = 27 - i. What is the units digit of h?
4
Suppose 0 = 2*h + 6 + 6. Suppose 7 - 1 = -2*j. What is the tens digit of (20/h)/(1/j)?
1
Let v be 1*-4 - (11 + -13). What is the units digit of -8*(v/(-4))/(-1)?
4
Let g(c) = 7 - 4*c**2 + 4*c**2 - 2*c**3 - 7*c + 3*c**2. Let v(n) = -n**3 + n**2 - 3*n + 3. Let k(z) = 3*g(z) - 7*v(z). What is the tens digit of k(2)?
1
Let n = -30 - -53. Let y = -16 + n. What is the units digit of y?
7
Suppose -4*t = 48 - 184. What is the tens digit of t?
3
Suppose 2 = -3*g + 8. Let f be (-44)/(-12) + g/(-3). Suppose -5*a + 30 = 2*z - 7, -5*a = f*z - 33. What is the units digit of a?
9
Let k(b) = -6*b - 9. Let y be (6 - 2)*(-18)/12. What is the units digit of k(y)?
7
Suppose 0 = -2*h - 3*z + 111, -335 = -5*h - 0*h + 4*z. What is the units digit of h?
3
Let m = -5 - -4. Let l = 8 + m. What is the units digit of l?
7
Let v = 500 - 347. What is the hundreds digit of v?
1
Let d(c) = 68*c**2 + 2*c + 1. What is the tens digit of d(-2)?
6
Let l(w) = w**3 - 8*w**2 + 2*w + 10. Let r be l(8). Suppose 4*c - 136 - 13 = -b, -2*b = -c + r. What is the units digit of c?
6
Let h(r) = -160*r**3 - 3*r**2 - 2*r + 1. What is the hundreds digit of h(-1)?
1
Suppose 0 = -4*v - v + 235. What is the tens digit of v?
4
Let b(g) = g**3 - 12*g**2 + 3*g - 13. Let v be b(13). Suppose u + 4*y = y + 46, v = 4*u + y. What is the tens digit of u?
4
Let q = -4 - -10. Let l(s) = -s + 8. Let h be l(q). Suppose -5*w - 3*a = -a - 52, h*w + a = 20. What is the units digit of w?
2
Suppose -267 - 161 = -4*t. What is the units digit of t?
7
What is the units digit of ((-3)/6 + 1)*74?
7
Suppose -5*i = -0*i + p - 471, i - 92 = 2*p. What is the tens digit of i?
9
Suppose -1 = -4*k - 29. Let r(n) = -2*n**2 - 21*n - 12. Let t(c) = -c**2 - 11*c - 6. Let a(s) = -4*r(s) + 7*t(s). What is the units digit of a(k)?
6
Let v(m) = m**2 - m - 3. Let p be v(5). Let n = p - 11. What is the units digit of (3 + n)/(6/4)?
6
Let o(h) = -h**2 + 5*h - 2. Let j(a) = a + 3. Let u be j(0). Let b be (-42)/(-10) + u/(-15). What is the units digit of o(b)?
2
Let g(x) = -x**2 + 21*x + 5. Let l be g(21). Let r = 3 + 6. Suppose -r = -3*a, -5*a - l = z - 6*z. What is the units digit of z?
4
Let k(f) = f**3 + f. Let l be k(1). Suppose -4*p - 12 = 0, -5*s - 6 = l*p - 40. What is the units digit of s?
8
Let d be (33/6)/(1/2). Suppose 4*f - d = 45. What is the units digit of f?
4
Let f be 4/14 - (-114)/42. Suppose -f*q + 0*q + 6 = 0, -2 = n + 3*q. What is the units digit of n*(-1 + 2)*-1?
8
Let x = -2 - -11. Let i be 3*3*3/x. Suppose -35 = -3*f + 4*t, i*t + 25 = -f + 3*f. What is the units digit of f?
5
Let g(z) be the first derivative of z**3/3 - 2*z**2 - 5*z - 1. What is the units digit of g(6)?
7
Let k = 5 + 0. Let z = 13 - k. What is the units digit of z?
8
Suppose 2*n - 105 = -3*i - 3*n, -2*i = 2*n - 70. What is the tens digit of i?
3
Suppose -4*j = -280 + 64. Suppose -5*p = j - 149. What is the tens digit of p?
1
Let w be